e -140*f = -133*f - 3283. What is the greatest common divisor of 7 and f?
7
Let k = 58 + 70. What is the highest common factor of 96 and k?
32
Let v(o) = o**3 + 5*o**2 - 9*o + 1. Let i be v(-6). What is the highest common factor of 361 and i?
19
Let f = 4 - -140. What is the greatest common divisor of 240 and f?
48
Suppose -4*r + 84 = 4*m, r + 2*r - m - 59 = 0. Suppose -v - b = -0*v - 13, -2*b - 22 = -4*v. Calculate the highest common factor of v and r.
4
Let v be ((-15)/(-30))/(2/24). Suppose 0 = -2*m + 3*y + 541, -3*m + 4*y - v*y + 831 = 0. What is the greatest common divisor of m and 25?
25
Let h(w) = 5*w - 2. Let n be h(-3). Let q = n - -215. Let m be (2 + -3)*-11*2. What is the highest common divisor of m and q?
22
Suppose 3*r + 2*w - 113 = 0, 4*w + w - 79 = -2*r. Suppose 1 = 3*z + r. Let g be 3/(-9) - 220/z. What is the highest common divisor of 72 and g?
18
Let l = 895 + -230. Let w = -467 + l. What is the highest common divisor of w and 18?
18
Suppose 5 = -5*f, 0 = x + 11*f - 16*f - 201. What is the greatest common factor of x and 140?
28
Let w(h) = h**2 + 26*h - 90. Let k be w(-30). Calculate the highest common factor of 300 and k.
30
Let f = -6759 + 3555. Let p be ((-56)/26 - -2) + f/(-39). Calculate the highest common factor of 123 and p.
41
Suppose 3*z + 6*c = 8*c + 110, 5*z - 183 = 3*c. Calculate the greatest common factor of z and 18.
18
Let s be 2/(-5) - (-466)/(-10). Let y(z) = z**2 - 17*z - 2. Let x be y(21). Let l = x + s. What is the highest common factor of 14 and l?
7
Suppose -37*u + 39*u + 6 = 0, 0 = 4*b - u - 55. What is the highest common factor of 143 and b?
13
Suppose -3*n + d = 16, -4*d + 20 = -4*n - 3*d. Let t be (n - 27/(-6))*42. Suppose -4*l = -0*l - 672. Calculate the highest common divisor of l and t.
21
Let y(t) be the second derivative of -t**4/6 + t**3/2 + 11*t**2/2 - 3*t. Let m be y(-8). Let u be (-4)/10 - m/15. What is the highest common divisor of u and 9?
9
Let u be (-2)/(-9) + (-1263)/(-27). Suppose -3*w = u + 478. Let o be w/(-8) - 2/(-16). What is the highest common factor of o and 55?
11
Suppose 2*j - 2 = -0*j. Let g(h) = -6710*h**2 + 3355*h**2 + 3377*h**2. Let o be g(j). What is the greatest common divisor of o and 22?
22
Suppose u + 3*u = 196. Calculate the highest common divisor of u and 147.
49
Let z be 12/10 - 4/20. Let n(q) = -755*q + 3783. Let t be n(5). Calculate the greatest common divisor of t and z.
1
Let v be ((-1170)/13)/((-33)/44). What is the greatest common divisor of 615 and v?
15
Let q = 51 - 88. Let y = q + 56. Calculate the greatest common factor of y and 57.
19
Suppose 8 = -22*q + 52. Calculate the highest common factor of 70 and q.
2
Let w = -1073 + 1149. What is the highest common divisor of 836 and w?
76
Suppose 4*z - 5 = 4*b - 17, z - 7 = -b. Let k be b/25*-2*-15. What is the greatest common factor of 24 and k?
6
Let f(g) = -g**3 - 2*g**2 + 4*g - 3. Let p be f(-4). Suppose -5*b = -4*b - p. Let u = -103 + 116. Calculate the greatest common factor of u and b.
13
Let y = 198 - 97. Let n = y - 69. Calculate the highest common divisor of n and 80.
16
Let y(h) = h**3 - 9*h**2 + 11*h - 1. Suppose 4*c - 5*i = 12 + 20, -2*c = -4*i - 16. Let k be y(c). Calculate the greatest common divisor of 92 and k.
23
Suppose 21*g - 36886 = -7486. Calculate the greatest common factor of 10 and g.
10
Let y be (3/(-6))/(5/(-740)). Let p = 88 - y. What is the greatest common factor of 126 and p?
14
Let k(i) = i**2 - 64*i - 63. Let j be k(65). What is the greatest common divisor of 298 and j?
2
Suppose 7*n - 1268 + 190 = 0. Calculate the greatest common divisor of n and 88.
22
Let u = -86 - -152. Suppose 4*s + 2*s = u. Let v be ((-1)/3)/(7/(-21)). Calculate the greatest common factor of s and v.
1
Suppose 51 = n + 3*h, 23*h + 235 = 5*n + 18*h. What is the greatest common divisor of n and 156?
12
Let n(d) = 81*d**3 + 7*d**2 - 3*d - 3. Let f be n(1). What is the highest common divisor of f and 287?
41
Suppose 0 = 2*n + 6, -2*n + 454 = -i + 6*i. Calculate the highest common divisor of i and 1196.
92
Let i = 16 + -9. Suppose -l + 2*q = -8, l + 2 = q + i. Suppose 0 = -5*o + l*x - x + 85, x = -3*o + 59. What is the highest common factor of o and 18?
18
Suppose -5*g - 4*k + 170 = 0, -4*g - 4*k + k + 136 = 0. Suppose -3*u + u = -34. What is the greatest common factor of g and u?
17
Suppose 2*a - f - 395 = 0, -4*a - a - 4*f = -968. Let d(h) = 2*h**2 - 8*h - 71. Let g be d(10). What is the greatest common factor of a and g?
49
Suppose 0 = -11*g + 6*g + 45. Let z(k) = -k - 5. Let u be z(-7). Suppose u*n = -44 + 224. What is the greatest common divisor of n and g?
9
Suppose 25*z = 28*z + 138. Let q = -17 - z. What is the greatest common divisor of 261 and q?
29
Let c(f) = -5 + 11*f**2 + 4 + 0*f**3 - 4*f**2 - 3*f + f**3. Suppose 14 = -h - h. Let j be c(h). Calculate the greatest common factor of j and 100.
20
Let f be (-1*(-144)/(-10))/(1/(-50)). What is the highest common divisor of f and 80?
80
Let u(p) = -p**3 + 13*p**2 - p - 12. Let h be u(12). Suppose 0 = 10*o - 7*o - 60. Calculate the highest common divisor of o and h.
20
Let m(u) = u**2 - 1. Let i be m(-2). Suppose -i*f - 1 - 40 = -2*r, -77 = -4*r + 5*f. Let t = 22 - r. What is the greatest common factor of t and 63?
9
Let a = 5 + -1. Let j be (2/1)/((-1)/(-53)) - a. What is the greatest common factor of j and 68?
34
Let j(g) = -g**3 - 7*g**2 - 3*g + 28. Let h be j(-6). Suppose -3*b + 5*i = -235, 2*b - i - 285 = -2*b. What is the highest common divisor of b and h?
10
Let a(i) = 3 - 4*i**3 - 1 + 5*i**3 + 3*i + 4*i**2. Let d be a(-3). Suppose 26*g - 40 = 21*g. What is the greatest common factor of d and g?
2
Let c(l) = l. Let g be c(4). Let p(z) = z**3 - z**2 - 8*z + 17. Let t be p(g). What is the highest common factor of t and 3?
3
Suppose 0 = -5*l + 4*t - 7*t + 93, 0 = l - t - 17. Let c be ((-14)/21)/(2/(-216)). Calculate the highest common factor of c and l.
18
Suppose r + 5*c = 6*r - 1305, -3*r - 4*c + 762 = 0. Calculate the greatest common divisor of 6 and r.
6
Let b be (-3)/((-8)/(-80) + (-4)/10). Suppose 43 = 4*u + 3*i + 14, -b = u - 5*i. What is the greatest common factor of 5 and u?
5
Suppose 5*f - 4*g = g + 120, 5*g + 82 = 3*f. Let p(o) = o**2 + o - 1. Let u be p(1). Calculate the greatest common divisor of u and f.
1
Let w(y) = 4*y - 20. Let r be w(21). Suppose -3*d + 16 = -2*d. What is the highest common divisor of d and r?
16
Let f(y) = y - 1. Let o(s) = -s**2 - 9*s - 2. Let h(v) = 3*f(v) + o(v). Let z be h(-3). Calculate the highest common factor of 12 and z.
4
Suppose 3*o + 14 = 3*h - 4*h, 4*h = 2*o - 56. Let z = h + 27. Calculate the greatest common divisor of z and 26.
13
Let i = -12 + 41. Let o(v) = -5*v - 37. Let d be o(-8). Suppose -4*q + 681 = d*s, 6*s + 507 = 3*q + 9*s. Calculate the highest common divisor of q and i.
29
Let c = -67 - -79. Suppose -176 = -2*p + 40. Calculate the highest common factor of p and c.
12
Let a(h) = -2*h**2 + 12 + 2*h**2 + h**2 + 0*h + 11*h. Let m be a(-10). Let u be (m/6)/((-6)/(-234)). Calculate the greatest common factor of 13 and u.
13
Let z(m) = -m**3 + 2*m**2 + 3*m - 4. Let b be z(2). Suppose -b*u + 18 + 84 = 0. Calculate the highest common divisor of u and 34.
17
Suppose h + 4*r = 3*h - 80, 4*r + 50 = h. Suppose 6 = 4*k - 50. Let m = k + -8. What is the highest common factor of h and m?
6
Let w = -53 + 54. Calculate the greatest common divisor of w and 32.
1
Suppose 3*u - 345 = -2*l, l = u + u - 237. Suppose -5*g + 3*t = -130, -t = 2*g + 4*t - 52. What is the highest common divisor of u and g?
13
Suppose 11*i - 865 - 81 = 0. Calculate the highest common factor of i and 903.
43
Let i(s) = 32*s + 867. Let n be i(-24). Calculate the highest common factor of n and 517.
11
Let r(n) = 86*n**3 - 12*n**2 - 11*n + 23. Let y be r(3). What is the greatest common divisor of y and 29?
29
Let f(i) = -i**3 + 7*i - 6*i + 4*i**2 - 4*i**2 - 2. Let l be f(-3). Suppose 2*m + 4 = 2*w + l, 4*m + 3*w = 36. What is the greatest common factor of m and 9?
9
Let a(f) = f**3 - 8*f**2 + 16*f. Let x be a(7). What is the highest common factor of x and 27?
9
Let n be (((-3)/9)/(-1))/(1/507). Calculate the highest common divisor of n and 13.
13
Suppose -5*k = 2*n + 23, -6*n + 3*k = -3*n + 3. Let j = 21 + n. Calculate the highest comm